{"id":5192,"date":"2026-08-18T13:53:54","date_gmt":"2026-08-18T11:53:54","guid":{"rendered":"https:\/\/ktl-lu.de\/?page_id=5192"},"modified":"2026-08-18T13:56:35","modified_gmt":"2026-08-18T11:56:35","slug":"einfluss-durch-bauarbeiten","status":"publish","type":"page","link":"https:\/\/ktl-lu.de\/en\/einfluss-durch-bauarbeiten\/","title":{"rendered":"Einfluss durch Bauarbeiten"},"content":{"rendered":"<div data-elementor-type=\"wp-page\" data-elementor-id=\"5192\" class=\"elementor elementor-5192\" data-elementor-post-type=\"page\">\n\t\t\t\t<div class=\"elementor-element elementor-element-d7d67d4 e-flex e-con-boxed e-con e-parent\" data-id=\"d7d67d4\" data-element_type=\"container\" data-e-type=\"container\">\n\t\t\t\t\t<div class=\"e-con-inner\">\n\t\t\t\t<div class=\"elementor-element elementor-element-ae310e8 elementor-widget elementor-widget-heading\" data-id=\"ae310e8\" data-element_type=\"widget\" data-e-type=\"widget\" data-widget_type=\"heading.default\">\n\t\t\t\t<div class=\"elementor-widget-container\">\n\t\t\t\t\t<h2 class=\"elementor-heading-title elementor-size-default\">Einfluss durch bauarbeiten<\/h2>\t\t\t\t<\/div>\n\t\t\t\t<\/div>\n\t\t\t\t<div class=\"elementor-element elementor-element-498c704 elementor-widget elementor-widget-text-editor\" data-id=\"498c704\" data-element_type=\"widget\" data-e-type=\"widget\" data-widget_type=\"text-editor.default\">\n\t\t\t\t<div class=\"elementor-widget-container\">\n\t\t\t\t\t\t\t\t\t<h4>\u201e<strong>Modul 50: Sanierung und Ausbau des Kombiverkehrsterminals Ludwigshafen<\/strong><\/h4>\t\t\t\t\t\t\t\t<\/div>\n\t\t\t\t<\/div>\n\t\t\t\t<div class=\"elementor-element elementor-element-bf52fc4 elementor-widget elementor-widget-text-editor\" data-id=\"bf52fc4\" data-element_type=\"widget\" data-e-type=\"widget\" data-widget_type=\"text-editor.default\">\n\t\t\t\t<div class=\"elementor-widget-container\">\n\t\t\t\t\t\t\t\t\t<p>Mit dem Projekt <strong>\u201eModul 50\u201c<\/strong> wird das \u00f6ffentliche Kombiverkehrsterminal Ludwigshafen (KVT) in den kommenden Jahren umfassend modernisiert und ausgebaut. Eigent\u00fcmerin der Anlage und Projekttr\u00e4gerin ist die BASF SE.<\/p><p>F\u00fcr die Umsetzung des Vorhabens hat die BASF im M\u00e4rz 2026 einen Zuwendungsbescheid des Eisenbahn-Bundesamts \u00fcber rund <strong>51 Millionen Euro F\u00f6rdermittel des Bundes<\/strong> erhalten. Das Gesamtinvestitionsvolumen f\u00fcr die Sanierung und Erweiterung des Terminals bewegt sich im <strong>niedrigen dreistelligen Millionenbereich<\/strong>. Die Fertigstellung des Gesamtprojekts ist f\u00fcr das Jahr 2028 vorgesehen.<\/p><p>Im Mittelpunkt des Projekts steht der Ersatz der beiden \u00e4ltesten Umschlagmodule des Terminals. Diese sind teilweise seit dem Jahr 2000 nahezu durchgehend in Betrieb und haben das Ende ihrer technischen Lebensdauer erreicht. Im Zuge der Sanierung wird die Anlage zugleich an die heutigen und zuk\u00fcnftigen Anforderungen des kombinierten Verkehrs angepasst.<\/p><p>Das neue Modul schafft zus\u00e4tzliche Kapazit\u00e4ten f\u00fcr Container, Wechselbr\u00fccken und Trailer, erm\u00f6glicht die Abfertigung l\u00e4ngerer Z\u00fcge und unterst\u00fctzt k\u00fcnftig effizientere Betriebsabl\u00e4ufe. Gleichzeitig werden ver\u00e4nderte Marktanforderungen ber\u00fccksichtigt, darunter der steigende Traileranteil im Kombinierten Verkehr sowie der wachsende Bedarf an Abstell- und Pufferfl\u00e4chen. Dar\u00fcber hinaus erleichtert die zuk\u00fcnftige Reduktion auf zwei statt bisher drei Module die Abwicklung von Gateway-Verkehren.<\/p><p><strong>Die ersten vorbereitenden Ma\u00dfnahmen haben bereits begonnen. Die eigentliche Kernbauphase mit der Au\u00dferbetriebnahme der heutigen Module 10 und 20 ist nach aktuellem Planungsstand f\u00fcr das 3. Quartal 2027 vorgesehen. W\u00e4hrend dieser Bauphase werden die beiden Module f\u00fcr einen Zeitraum von mindestens einem Jahr nicht zur Verf\u00fcgung stehen.<\/strong><\/p><p><strong>Hierdurch kann es zu Einschr\u00e4nkungen der Umschlagkapazit\u00e4ten sowie zu Anpassungen im Zugangebot kommen. KTL wird gemeinsam mit den Operateuren die Partner und Kunden fr\u00fchzeitig \u00fcber die Auswirkungen informieren. Detaillierte Informationen zu Bauabschnitten, Fahrpl\u00e4nen und betrieblichen Anpassungen werden rechtzeitig \u00fcber die jeweiligen Operateure bereitgestellt.<\/strong><\/p><p>Mit Modul 50 werden die Voraussetzungen geschaffen, um die Leistungsf\u00e4higkeit, Wettbewerbsf\u00e4higkeit und Nachhaltigkeit des Standorts Ludwigshafen langfristig zu sichern und den kombinierten Verkehr weiter zu st\u00e4rken.<\/p>\t\t\t\t\t\t\t\t<\/div>\n\t\t\t\t<\/div>\n\t\t\t\t\t<\/div>\n\t\t\t\t<\/div>\n\t\t\t\t<\/div>","protected":false},"excerpt":{"rendered":"<p>Einfluss durch bauarbeiten \u201eModul 50: Sanierung und Ausbau des Kombiverkehrsterminals Ludwigshafen Mit dem Projekt \u201eModul 50\u201c wird das \u00f6ffentliche Kombiverkehrsterminal Ludwigshafen (KVT) in den kommenden Jahren umfassend modernisiert und ausgebaut. Eigent\u00fcmerin der Anlage und Projekttr\u00e4gerin ist die BASF SE. F\u00fcr die Umsetzung des Vorhabens hat die BASF im M\u00e4rz 2026 einen Zuwendungsbescheid des Eisenbahn-Bundesamts \u00fcber [&hellip;]<\/p>\n","protected":false},"author":3,"featured_media":0,"parent":0,"menu_order":0,"comment_status":"closed","ping_status":"closed","template":"","meta":{"footnotes":""},"class_list":["post-5192","page","type-page","status-publish","hentry"],"_links":{"self":[{"href":"https:\/\/ktl-lu.de\/en\/wp-json\/wp\/v2\/pages\/5192","targetHints":{"allow":["GET"]}}],"collection":[{"href":"https:\/\/ktl-lu.de\/en\/wp-json\/wp\/v2\/pages"}],"about":[{"href":"https:\/\/ktl-lu.de\/en\/wp-json\/wp\/v2\/types\/page"}],"author":[{"embeddable":true,"href":"https:\/\/ktl-lu.de\/en\/wp-json\/wp\/v2\/users\/3"}],"replies":[{"embeddable":true,"href":"https:\/\/ktl-lu.de\/en\/wp-json\/wp\/v2\/comments?post=5192"}],"version-history":[{"count":5,"href":"https:\/\/ktl-lu.de\/en\/wp-json\/wp\/v2\/pages\/5192\/revisions"}],"predecessor-version":[{"id":5197,"href":"https:\/\/ktl-lu.de\/en\/wp-json\/wp\/v2\/pages\/5192\/revisions\/5197"}],"wp:attachment":[{"href":"https:\/\/ktl-lu.de\/en\/wp-json\/wp\/v2\/media?parent=5192"}],"curies":[{"name":"wp","href":"https:\/\/api.w.org\/{rel}","templated":true}]}}

<div data-elementor-type="wp-page" data-elementor-id="5192" class="elementor elementor-5192" data-elementor-post-type="page">
				<div class="elementor-element elementor-element-d7d67d4 e-flex e-con-boxed e-con e-parent" data-id="d7d67d4" data-element_type="container" data-e-type="container">
					<div class="e-con-inner">
				<div class="elementor-element elementor-element-ae310e8 elementor-widget elementor-widget-heading" data-id="ae310e8" data-element_type="widget" data-e-type="widget" data-widget_type="heading.default">
				<div class="elementor-widget-container">
					<h2 class="elementor-heading-title elementor-size-default">Einfluss durch bauarbeiten</h2>				</div>
				</div>
				<div class="elementor-element elementor-element-498c704 elementor-widget elementor-widget-text-editor" data-id="498c704" data-element_type="widget" data-e-type="widget" data-widget_type="text-editor.default">
				<div class="elementor-widget-container">
									<h4>„<strong>Modul 50: Sanierung und Ausbau des Kombiverkehrsterminals Ludwigshafen</strong></h4>								</div>
				</div>
				<div class="elementor-element elementor-element-bf52fc4 elementor-widget elementor-widget-text-editor" data-id="bf52fc4" data-element_type="widget" data-e-type="widget" data-widget_type="text-editor.default">
				<div class="elementor-widget-container">
									<p>Mit dem Projekt <strong>„Modul 50“</strong> wird das öffentliche Kombiverkehrsterminal Ludwigshafen (KVT) in den kommenden Jahren umfassend modernisiert und ausgebaut. Eigentümerin der Anlage und Projektträgerin ist die BASF SE.</p><p>Für die Umsetzung des Vorhabens hat die BASF im März 2026 einen Zuwendungsbescheid des Eisenbahn-Bundesamts über rund <strong>51 Millionen Euro Fördermittel des Bundes</strong> erhalten. Das Gesamtinvestitionsvolumen für die Sanierung und Erweiterung des Terminals bewegt sich im <strong>niedrigen dreistelligen Millionenbereich</strong>. Die Fertigstellung des Gesamtprojekts ist für das Jahr 2028 vorgesehen.</p><p>Im Mittelpunkt des Projekts steht der Ersatz der beiden ältesten Umschlagmodule des Terminals. Diese sind teilweise seit dem Jahr 2000 nahezu durchgehend in Betrieb und haben das Ende ihrer technischen Lebensdauer erreicht. Im Zuge der Sanierung wird die Anlage zugleich an die heutigen und zukünftigen Anforderungen des kombinierten Verkehrs angepasst.</p><p>Das neue Modul schafft zusätzliche Kapazitäten für Container, Wechselbrücken und Trailer, ermöglicht die Abfertigung längerer Züge und unterstützt künftig effizientere Betriebsabläufe. Gleichzeitig werden veränderte Marktanforderungen berücksichtigt, darunter der steigende Traileranteil im Kombinierten Verkehr sowie der wachsende Bedarf an Abstell- und Pufferflächen. Darüber hinaus erleichtert die zukünftige Reduktion auf zwei statt bisher drei Module die Abwicklung von Gateway-Verkehren.</p><p><strong>Die ersten vorbereitenden Maßnahmen haben bereits begonnen. Die eigentliche Kernbauphase mit der Außerbetriebnahme der heutigen Module 10 und 20 ist nach aktuellem Planungsstand für das 3. Quartal 2027 vorgesehen. Während dieser Bauphase werden die beiden Module für einen Zeitraum von mindestens einem Jahr nicht zur Verfügung stehen.</strong></p><p><strong>Hierdurch kann es zu Einschränkungen der Umschlagkapazitäten sowie zu Anpassungen im Zugangebot kommen. KTL wird gemeinsam mit den Operateuren die Partner und Kunden frühzeitig über die Auswirkungen informieren. Detaillierte Informationen zu Bauabschnitten, Fahrplänen und betrieblichen Anpassungen werden rechtzeitig über die jeweiligen Operateure bereitgestellt.</strong></p><p>Mit Modul 50 werden die Voraussetzungen geschaffen, um die Leistungsfähigkeit, Wettbewerbsfähigkeit und Nachhaltigkeit des Standorts Ludwigshafen langfristig zu sichern und den kombinierten Verkehr weiter zu stärken.</p>								</div>
				</div>
					</div>
				</div>
				</div>

<p>Einfluss durch bauarbeiten „Modul 50: Sanierung und Ausbau des Kombiverkehrsterminals Ludwigshafen Mit dem Projekt „Modul 50“ wird das öffentliche Kombiverkehrsterminal Ludwigshafen (KVT) in den kommenden Jahren umfassend modernisiert und ausgebaut. Eigentümerin der Anlage und Projektträgerin ist die BASF SE. Für die Umsetzung des Vorhabens hat die BASF im März 2026 einen Zuwendungsbescheid des Eisenbahn-Bundesamts über [&hellip;]</p>
