{"version":"1.0","provider_name":"KTL Kombi-Terminal Ludwigshafen GmbH","provider_url":"https:\/\/ktl-lu.de\/en","author_name":"iq1admin","author_url":"https:\/\/ktl-lu.de\/en\/author\/iq1admin\/","title":"Nachhaltigkeit @KTL \/ Start der Photovoltaik-Anlage der KTL - KTL Kombi-Terminal Ludwigshafen GmbH","type":"rich","width":600,"height":338,"html":"<blockquote class=\"wp-embedded-content\" data-secret=\"FqcFbpJy21\"><a href=\"https:\/\/ktl-lu.de\/en\/2023\/05\/22\/noch-was-neues\/\">Nachhaltigkeit @KTL \/ Start der Photovoltaik-Anlage der KTL<\/a><\/blockquote><iframe sandbox=\"allow-scripts\" security=\"restricted\" src=\"https:\/\/ktl-lu.de\/en\/2023\/05\/22\/noch-was-neues\/embed\/#?secret=FqcFbpJy21\" width=\"600\" height=\"338\" title=\"&#8220;Nachhaltigkeit @KTL \/ Start der Photovoltaik-Anlage der KTL&#8221; &#8212; KTL Kombi-Terminal Ludwigshafen GmbH\" data-secret=\"FqcFbpJy21\" frameborder=\"0\" marginwidth=\"0\" marginheight=\"0\" scrolling=\"no\" class=\"wp-embedded-content\"><\/iframe><script>\n\/*! This file is auto-generated *\/\n!function(d,l){\"use strict\";l.querySelector&&d.addEventListener&&\"undefined\"!=typeof URL&&(d.wp=d.wp||{},d.wp.receiveEmbedMessage||(d.wp.receiveEmbedMessage=function(e){var t=e.data;if((t||t.secret||t.message||t.value)&&!\/[^a-zA-Z0-9]\/.test(t.secret)){for(var s,r,n,a=l.querySelectorAll('iframe[data-secret=\"'+t.secret+'\"]'),o=l.querySelectorAll('blockquote[data-secret=\"'+t.secret+'\"]'),c=new RegExp(\"^https?:$\",\"i\"),i=0;i<o.length;i++)o[i].style.display=\"none\";for(i=0;i<a.length;i++)s=a[i],e.source===s.contentWindow&&(s.removeAttribute(\"style\"),\"height\"===t.message?(1e3<(r=parseInt(t.value,10))?r=1e3:~~r<200&&(r=200),s.height=r):\"link\"===t.message&&(r=new URL(s.getAttribute(\"src\")),n=new URL(t.value),c.test(n.protocol))&&n.host===r.host&&l.activeElement===s&&(d.top.location.href=t.value))}},d.addEventListener(\"message\",d.wp.receiveEmbedMessage,!1),l.addEventListener(\"DOMContentLoaded\",function(){for(var e,t,s=l.querySelectorAll(\"iframe.wp-embedded-content\"),r=0;r<s.length;r++)(t=(e=s[r]).getAttribute(\"data-secret\"))||(t=Math.random().toString(36).substring(2,12),e.src+=\"#?secret=\"+t,e.setAttribute(\"data-secret\",t)),e.contentWindow.postMessage({message:\"ready\",secret:t},\"*\")},!1)))}(window,document);\n\/\/# sourceURL=https:\/\/ktl-lu.de\/wp-includes\/js\/wp-embed.min.js\n<\/script>","thumbnail_url":"https:\/\/ktl-lu.de\/wp-content\/uploads\/2023\/06\/Bild1_2023-05-22.jpg","thumbnail_width":604,"thumbnail_height":334,"description":"Wussten Sie, dass die \u00fcber unser Terminal abgewickelten KV-Ladungen &#8211; durch das Vermeiden des reinen Stra\u00dfenverkehrs auf der langen Strecke &#8211; pro Jahr ca. 240.000 to CO2 eingespart werden? Dieser Wert wurde auf Basis der entsprechenden Relationen der Z\u00fcge von und zur KTL detailliert ermittelt und wird zuk\u00fcnftig regelm\u00e4\u00dfig aktualisiert. \u00a0 Wir haben zur weiteren [&hellip;]"}

Wussten Sie, dass die über unser Terminal abgewickelten KV-Ladungen &#8211; durch das Vermeiden des reinen Straßenverkehrs auf der langen Strecke &#8211; pro Jahr ca. 240.000 to CO2 eingespart werden? Dieser Wert wurde auf Basis der entsprechenden Relationen der Züge von und zur KTL detailliert ermittelt und wird zukünftig regelmäßig aktualisiert.   Wir haben zur weiteren [&hellip;]
